 + 10*a**3 + 1 + a - 4*a**2 + 0*a**3. Let i(p) = h(p) + 2*l(p). Determine i(-2).
-3
Let z = -109 - -104. Let j(k) = 2*k - 13. Let u(p) = 3*p - 14. Let w(t) = 4*j(t) - 3*u(t). Give w(z).
-5
Let o(h) be the third derivative of -h**6/720 + h**5/120 + 3*h**4/4 + 12*h**2. Let q(c) be the second derivative of o(c). What is q(-5)?
6
Let g(j) be the first derivative of 5/24*j**4 - j**2 - 1/30*j**5 + 7 - 1/3*j**3 + 0*j. Let q(v) be the second derivative of g(v). What is q(4)?
-14
Let w(s) = -13*s + 25. Let i(f) = 9*f - 18. Let k(z) = 7*i(z) + 5*w(z). Suppose 2*g - g = 5. What is k(g)?
-11
Suppose -6*c = 11*c + 153. Let s(w) = -2*w**3 - 18*w**2 + 1. Let u(q) = q**3 + 9*q**2. Let f(d) = 3*s(d) + 7*u(d). Give f(c).
3
Let k(b) be the second derivative of -b**6/360 + b**5/24 + 7*b**4/24 - 4*b**3/3 - 4*b. Let a(g) be the second derivative of k(g). Determine a(5).
7
Suppose 36*s + 20 = 37*s. Let w(y) = -1 + s*y + 26*y - 52*y. Let z be (-4)/(-14) - 16/7. What is w(z)?
11
Let h(b) = -13*b - 19 - 23*b + 39*b. Let u(q) = 2*q - 13. Let x(d) = 5*h(d) - 7*u(d). Give x(0).
-4
Let k(l) = -8*l. Suppose 28*s = 6*s + 66. Give k(s).
-24
Let d(z) = 2 - 6 + 13 + z - 3*z. Let v be 39/9 - 2/(-3). Let b = 12 - v. Determine d(b).
-5
Let b(t) = -7*t**2 - t - 1. Let s(i) = 4*i**2 - i - 1. Let q(g) = -b(g) - 2*s(g). Determine q(5).
-7
Let f(n) = 2 + n + 3*n + 4*n - 5*n - 2*n. Give f(7).
9
Let h(o) = o**2 - o. Let w(b) be the second derivative of -b**4/12 + b**3/6 - 5*b. Let m(r) = -6*h(r) - 5*w(r). What is m(3)?
-6
Let p(i) = 7*i - 2 + 0*i + 3. Suppose 4 = -4*t, -5*k = 2*t + 3*t + 40. Let j(c) = c + 6. Let w be j(k). Determine p(w).
-6
Let a(v) = -7*v. Let y(m) = m**3 - m**2 - 3*m + 1. Suppose 0 - 1 = -2*n + i, 2*n - 5*i = -11. Let q be y(n). What is a(q)?
7
Let b(l) be the third derivative of -l**5/12 + 4*l**3/3 + l**2. Let p(h) = 4*h**2 - 7. Let c = -40 + 44. Let r(n) = c*p(n) + 3*b(n). What is r(0)?
-4
Let m = -10 + 17. Let t(h) = 5*h**2 - 6*h**2 - 3 + 8*h + 7 - 2. Determine t(m).
9
Let o(k) = -k - 20. Suppose -20*n = -24*n - 2*v - 76, 3*n + 35 = 4*v. Give o(n).
-3
Suppose -3*a + 15 = -2*f - 19, 0 = -f + 4*a - 12. Let w(n) = -n + 8. Give w(f).
28
Let u(t) = -t**2 + t. Let x(h) = 4*h**2 + 8*h + 6. Let d(n) = 3*u(n) + x(n). What is d(-9)?
-12
Let t(n) be the third derivative of -n**7/840 + n**5/60 + 3*n**4/8 + 7*n**2. Let b(q) be the second derivative of t(q). Give b(-2).
-10
Suppose 0 = 4*h - w - 20, 3*h + 0*w - 15 = 5*w. Let u(d) = -h*d**2 + d**2 - 5*d**2 - 1 + d + d**2. Determine u(1).
-8
Suppose 4*x - 14 = -5*g, -10*x + 21 = -2*g - 43. Let l(y) = -2 + y**2 + 0 - y - 2*y. Determine l(g).
8
Let i(s) = -5*s. Let l(t) = -4*t + 1. Let v(h) = -2*i(h) + 3*l(h). Let n(y) = y - 1. Let k(x) = -3*n(x) - v(x). Determine k(-2).
2
Suppose -5*b - 7 = -3*m, -2*b + 5*m = 15 + 3. Let f(a) = 5*a**3 + a**2 - a. Give f(b).
5
Let o(j) = j + 4. Let p be 107/6 + 8/48. Let s be (-7)/((-21)/p) + -1. Suppose 0 = -3*q + 4*m - 0*m - 5, -s*m = 2*q - 35. Give o(q).
9
Let i(g) = g**2 + 58*g + 574. Let h be i(-13). Let w(t) = 2*t**2 + 19*t - 26. Determine w(h).
7
Let v(y) be the second derivative of y**5/10 - y**2/2 - 388*y. Determine v(-2).
-17
Let x(q) be the second derivative of 1/2*q**2 + 0 - 1/3*q**3 - 20*q. Give x(4).
-7
Let j = 5593 + -5599. Let u(y) be the third derivative of y**5/60 + 5*y**4/24 + y**3/6 - 2*y**2. Calculate u(j).
7
Let n(p) = 18*p - 436. Let x be n(24). Let h(q) = q**3 + 6*q**2 + 3*q - 3. Calculate h(x).
17
Let y(m) = -3*m**3 - m - 12 + 2*m**3 - 11*m**2 + 0*m**3 - 3*m**2. Let b = 27 - 41. Let l be y(b). Let x(c) = c**2 + c - 2. Calculate x(l).
4
Suppose 3*i - 15 = -5*u + 2*u, -6 = -i - 2*u. Let a(c) = 2*c + i + c + c**2 - 3*c**2 - 2*c. Determine a(3).
-11
Let k(n) = 65*n - 2 - 128*n + 66*n + 5. Calculate k(-3).
-6
Let f = 1588 + -1587. Let a(q) = -31*q**3 - q**2 + q - 1. What is a(f)?
-32
Let u(g) be the second derivative of g**3/2 + g**2/2 - g. Let z be (36/(-17))/(-1) - 3902/33167. What is u(z)?
7
Let q be 2/(-10)*1 + 2170/350. Let k(a) = -3*a + 17. Let b be k(q). Let f(h) = 13*h**2 + h + 1. Give f(b).
13
Let t(f) = -f**2 - f + 1. Let n(i) = -i**3 - 7*i**2 + 2*i + 15. Let l be n(-7). Calculate t(l).
-1
Let m(n) = -14*n**3 + 17*n**2 + 6*n + 2. Let p(g) = g + 5*g**3 - 3*g - 1 + 0*g - 7*g**2 + g**2. Let f(b) = -4*m(b) - 11*p(b). Give f(2).
-1
Let a(h) be the second derivative of h**5/20 - 5*h**4/6 - 3*h**2 + 2*h - 16. What is a(10)?
-6
Let o(j) = -j**2 - 15*j + 8. Let m be (-64)/6 + (-20)/15. What is o(m)?
44
Suppose -17 = s + 4*x, x - 12 = 3*s - 0*x. Let i(r) = -6*r**2 + 2. Let v(a) = 1 + 7*a + 13*a - a**2 - 19*a. Let t(c) = -i(c) + 5*v(c). Give t(s).
3
Let p(r) be the first derivative of -r**3/3 + r**2/2 + 8*r - 264. Give p(-3).
-4
Let d = -64 + 63. Let j(i) = 6*i + 1. Give j(d).
-5
Let b(d) be the first derivative of d**4/4 - 2*d**3/3 - 5*d**2/2 + 2*d - 2. Suppose 0 = f + 3*j + 12, -4*j = 7 + 13. Give b(f).
-4
Let v(o) = -5*o**3 - o + 3. Let c(f) = -2*f + 3. Let w be c(3). Let l(h) = 5*h**3 + h - 4. Let m = 16 - 20. Let n(q) = m*v(q) + w*l(q). Give n(1).
6
Let d = 28 - 22. Let y(q) = 13*q - d*q - 6*q + 8. Calculate y(7).
15
Let w be (8/12)/((-2)/(-12)). Suppose w*z = 12 + 84. Suppose q + 4 = 3*v - 14, 0 = 4*v - 2*q - z. Let a(i) = i**3 - 6*i**2 + i + 2. What is a(v)?
8
Let n(p) = -28*p**2 - 20*p**2 + 4 + 67*p**2 - 20*p**2. Determine n(3).
-5
Let f = 26 + -2. Let w be 6/(-4)*(-128)/f. Let i(t) = -t + 8. Let d be i(w). Let a(v) = -v**2 + v - 2. Determine a(d).
-2
Let t(m) = -6*m - 14. Let l(a) be the first derivative of -5/2*a**2 - 13*a - 1. Let s(z) = -5*l(z) + 4*t(z). Determine s(-7).
2
Let j(d) = -d**3 + 15. Let k be j(0). Let x = 21 - k. Let q(a) = -3*a + 4*a + 0 + 0*a + x. What is q(-5)?
1
Let f(h) be the third derivative of -h**7/1260 - h**4/8 - 8*h**2. Let t(i) be the second derivative of f(i). What is t(1)?
-2
Let t(b) be the third derivative of 1/3*b**3 + 5/24*b**4 + 0*b + 0 - 55*b**2 - 1/60*b**5. Determine t(4).
6
Let f(m) = 5*m**2 - 2*m + 1. Let y(w) = w + 6. Let k(l) = l - 11. Let s be k(7). Let b be y(s). What is f(b)?
17
Let m be (-2)/1 + (-14)/(-2). Suppose 2 = m*q - 8. Suppose 0*o - o = -q. Let s(k) = 2*k + 2. Calculate s(o).
6
Let x(u) = 4*u**2 + u + 2. Let d(r) = 11*r**2 + 12*r - 10. Let s(j) = d(j) - 3*x(j). Give s(8).
-8
Let v = 279 + -282. Let d(o) = o + 6. Give d(v).
3
Let k(n) be the second derivative of -n**5/20 + 11*n**4/12 - n**3/6 + n**2/2 - 3*n + 22. Determine k(11).
-10
Let z(g) = 6*g**2 - 2*g - 1. Let p = -30 + 32. Let k(r) = -2*r**p + 2*r + r**3 + 9*r**2 - 4*r**2 - 1. Let a be k(-2). Determine z(a).
7
Suppose 0 = 4*k - 26 - 74. Let u = k - 26. Let r(d) = 17*d - 1. Give r(u).
-18
Let k(f) = 4*f**3 + 0*f - 3*f**3 - 3*f - 2*f**2 + 4. Let m = -60 + 64. Let n be (-6)/m + (-18)/(-4). What is k(n)?
4
Let z be -1 - (-10 + 12)/(-1 + -1). Let n(s) be the third derivative of -s**4/24 + 33*s**2. Give n(z).
0
Let x(n) = 3*n**3 + n**2 + 2. Let z be (-4)/18 - 918/243. Let g(o) = -o - 6. Let w be g(z). What is x(w)?
-18
Let n(k) be the third derivative of 1/10*k**5 + 1/4*k**4 + 5/6*k**3 + 1/120*k**6 + 0 + 6*k**2 + 0*k. Calculate n(-5).
0
Suppose 17 + 85 = -6*x. Let r(z) = -z**3 - 17*z**2 + z + 15. Determine r(x).
-2
Suppose 5*m - 28 = -3*y, -y + 28 = -m + 5*m. Let p be (-6)/(-5)*(13 - m). Let k(s) = -8*s + 3. Let l(z) = z**2 + z. Let r(j) = -k(j) - l(j). Give r(p).
3
Let p(q) = -2*q**3 + 9*q**2 - 1. Let o(l) = 5*l**3 - 15*l**2 - l + 1. Let i(s) = 3*o(s) + 5*p(s). Calculate i(-1).
-4
Let p(o) = 3*o**2 - 8*o. Let x(j) = j**2 - j - 1. Let q(g) = p(g) - 4*x(g). Let y(d) = -472*d**2 + d - 2*d**3 - 4 + 472*d**2. Let f be y(0). Give q(f).
4
Let h(l) = -l**3 - 3*l**2 + 4*l + 1. Let g = -122 + 118. What is h(g)?
1
Let h(f) = -f**2 - 2*f + 110 - 110 + 7*f**3 - f**2. Determine h(-1).
-7
Let f(a) be the third derivative of a**5/30 - a**4/12 + 2*a**3/3 - a**2. Suppose 5*d - 23 = -4*h, d + h = 4*d - 7. Determine f(d).
16
Suppose 15 = 2*a + 3*a. Suppose -2*g - 24 = 4*v, -3*v = 2*g - 4*g - a. Let l(k) be the first derivative of k**2 + 7*k - 434. Calculate l(g).
-5
Let n(x) = 2*x**2 + 55*x - 217. Let z be n(-31). Let b(s) = 3 + 3 + 3*s**2 - 2*s**2. Give b(z).
6
Let m(c) = -107*c**3 - 6*c**2 - 8 + 7*c + 106*c**3 - 2*c. Let a be m(-7). Let q(x) = x**2 - 6*x + 1. Determine q(a).
1
Le